{"id":2283,"date":"2025-07-02T09:07:40","date_gmt":"2025-07-02T07:07:40","guid":{"rendered":"https:\/\/cesas.lu\/?post_type=event&#038;p=2283"},"modified":"2025-07-02T09:10:41","modified_gmt":"2025-07-02T07:10:41","slug":"lets-talk-about-sex-les-ist","status":"publish","type":"event","link":"https:\/\/cesas.lu\/de\/event\/lets-talk-about-sex-les-ist\/","title":{"rendered":"Let&rsquo;s Talk about Sex ! Les IST"},"content":{"rendered":"<p>Vous travaillez avec des adolescent.es et vous vous posez des questions sur la \u00ab bonne \u00bb mani\u00e8re de faire de l\u2019\u00e9ducation \u00e0 la sant\u00e9 affective et sexuelle avec vos jeunes ou de r\u00e9pondre \u00e0 leurs questions ? Le projet Let\u2019s Talk about Sex !, propose des formations th\u00e9oriques portant sur diverses th\u00e9matiques en lien avec la sant\u00e9 affective et sexuelle. En coh\u00e9rence avec le Guide th\u00e9orique et le Toolkit Let\u2019s Talk about Sex !, ces formations abordent les sujets anatomie et contraception, diversit\u00e9 sexuelle, corporelle et de genre, infections sexuellement transmissibles, nouveaux m\u00e9dias, violences sexuelles, et encore plus. Anim\u00e9.es par des expert.es sur ces diff\u00e9rentes questions, les formations vous permettront de devenir de vrai.es alli\u00e9.es pour vos jeunes.<\/p>\n<p>Anmeldung via Fedas:\u00a0<a href=\"https:\/\/www.fedas.lu\/training\/lets-talk-about-sex-les-infections-sexuellement-transmissibles-5362\">https:\/\/www.fedas.lu\/training\/lets-talk-about-sex-les-infections-sexuellement-transmissibles-5362<\/a><\/p>\n<p>Anmeldung via Ifen:\u00a0<a href=\"https:\/\/ssl.education.lu\/ifen\/catalog\/course\/287995?s=ist+lets+talk\">https:\/\/ssl.education.lu\/ifen\/catalog\/course\/287995?s=ist+lets+talk<\/a><\/p>","protected":false},"featured_media":2284,"template":"","meta":{"_acf_changed":false,"_piecal_is_event":true,"_piecal_start_date":"2025-10-13T13:00","_piecal_end_date":"2025-10-13T17:00","_piecal_is_allday":false},"class_list":["post-2283","event","type-event","status-publish","has-post-thumbnail","hentry"],"acf":[],"_links":{"self":[{"href":"https:\/\/cesas.lu\/de\/wp-json\/wp\/v2\/event\/2283","targetHints":{"allow":["GET"]}}],"collection":[{"href":"https:\/\/cesas.lu\/de\/wp-json\/wp\/v2\/event"}],"about":[{"href":"https:\/\/cesas.lu\/de\/wp-json\/wp\/v2\/types\/event"}],"wp:featuredmedia":[{"embeddable":true,"href":"https:\/\/cesas.lu\/de\/wp-json\/wp\/v2\/media\/2284"}],"wp:attachment":[{"href":"https:\/\/cesas.lu\/de\/wp-json\/wp\/v2\/media?parent=2283"}],"curies":[{"name":"wp","href":"https:\/\/api.w.org\/{rel}","templated":true}]}}

<p>Vous travaillez avec des adolescent.es et vous vous posez des questions sur la « bonne » manière de faire de l’éducation à la santé affective et sexuelle avec vos jeunes ou de répondre à leurs questions ? Le projet Let’s Talk about Sex !, propose des formations théoriques portant sur diverses thématiques en lien avec la santé affective et sexuelle. En cohérence avec le Guide théorique et le Toolkit Let’s Talk about Sex !, ces formations abordent les sujets anatomie et contraception, diversité sexuelle, corporelle et de genre, infections sexuellement transmissibles, nouveaux médias, violences sexuelles, et encore plus. Animé.es par des expert.es sur ces différentes questions, les formations vous permettront de devenir de vrai.es allié.es pour vos jeunes.</p>
<p>Anmeldung via Fedas: <a href="https://www.fedas.lu/training/lets-talk-about-sex-les-infections-sexuellement-transmissibles-5362">https://www.fedas.lu/training/lets-talk-about-sex-les-infections-sexuellement-transmissibles-5362</a></p>
<p>Anmeldung via Ifen: <a href="https://ssl.education.lu/ifen/catalog/course/287995?s=ist+lets+talk">https://ssl.education.lu/ifen/catalog/course/287995?s=ist+lets+talk</a></p>
