{"id":2286,"date":"2025-07-03T11:43:40","date_gmt":"2025-07-03T09:43:40","guid":{"rendered":"https:\/\/cesas.lu\/?post_type=event&#038;p=2286"},"modified":"2025-10-23T11:08:18","modified_gmt":"2025-10-23T09:08:18","slug":"lets-talk-about-sex-journee-toolkit","status":"publish","type":"event","link":"https:\/\/cesas.lu\/de\/event\/lets-talk-about-sex-journee-toolkit\/","title":{"rendered":"Let's Talk about Sex! Journ\u00e9e Toolkit von 8.30 bis 17.00"},"content":{"rendered":"<p>Das Projekt Let's Talk about Sex! wird erg\u00e4nzt durch eine p\u00e4dagogische Handreichung, das Toolkit Let's Talk about Sex!\nEntdecken Sie das praktische Material im Rahmen unserer ganzt\u00e4gigen Fortbildung.<\/p>\n<p>Bei der Arbeit mit Jugendlichen stellt sich die Frage nach der \u201erichtigen\u201c Art der Aufkl\u00e4rung \u00fcber affektive und sexuelle Gesundheit. Wie beantwortet man ihre Fragen? Wie stellt man qualitativ hochwertige Informationen sicher? Und in welcher Form? Worauf sollte man achten, um Allen gegen\u00fcber respektvoll zu sein? Das Toolkit Let\u2019s Talk about Sex! liefert Antworten mit schl\u00fcsselfertigen Aktivit\u00e4ten, die speziell auf die Durchf\u00fchrung von ESA-Einheiten zugeschnitten sind. Der Fortbildungstag wird von Expert.innen f\u00fcr die verschiedenen Themen der affektiven und sexuellen Gesundheit durchgef\u00fchrt, die die Aktivit\u00e4ten des Toolkits entwickelt haben. Ziel ist es, in das Thema der professionellen Haltung einzutauchen und rund drei\u00dfig Aktivit\u00e4ten rund um die affektive und sexuelle Gesundheit in der Praxis kennenzulernen.<\/p>\n<p>Anmeldung via Fedas:\u00a0<a href=\"https:\/\/www.fedas.lu\/training\/journee-de-formation-pratique-sur-le-toolkit-lets-talk-about-sex-7906\">https:\/\/www.fedas.lu\/training\/journee-de-formation-pratique-sur-le-toolkit-lets-talk-about-sex-7906<\/a><\/p>\n<p>Anmeldung via Ifen:\u00a0<a href=\"https:\/\/ssl.education.lu\/ifen\/catalog\/course\/288015?s=toolkit\">https:\/\/ssl.education.lu\/ifen\/catalog\/course\/288015?s=toolkit<\/a><\/p>","protected":false},"featured_media":2287,"template":"","meta":{"_acf_changed":false,"_piecal_is_event":true,"_piecal_start_date":"2025-11-11T08:30","_piecal_end_date":"2025-11-11T17:00","_piecal_is_allday":true},"class_list":["post-2286","event","type-event","status-publish","has-post-thumbnail","hentry"],"acf":[],"_links":{"self":[{"href":"https:\/\/cesas.lu\/de\/wp-json\/wp\/v2\/event\/2286","targetHints":{"allow":["GET"]}}],"collection":[{"href":"https:\/\/cesas.lu\/de\/wp-json\/wp\/v2\/event"}],"about":[{"href":"https:\/\/cesas.lu\/de\/wp-json\/wp\/v2\/types\/event"}],"wp:featuredmedia":[{"embeddable":true,"href":"https:\/\/cesas.lu\/de\/wp-json\/wp\/v2\/media\/2287"}],"wp:attachment":[{"href":"https:\/\/cesas.lu\/de\/wp-json\/wp\/v2\/media?parent=2286"}],"curies":[{"name":"wp","href":"https:\/\/api.w.org\/{rel}","templated":true}]}}

Let's Talk about Sex! Journée Toolkit von 8.30 bis 17.00

<p>Das Projekt Let's Talk about Sex! wird ergänzt durch eine pädagogische Handreichung, das Toolkit Let's Talk about Sex!
Entdecken Sie das praktische Material im Rahmen unserer ganztägigen Fortbildung.</p>
<p>Bei der Arbeit mit Jugendlichen stellt sich die Frage nach der „richtigen“ Art der Aufklärung über affektive und sexuelle Gesundheit. Wie beantwortet man ihre Fragen? Wie stellt man qualitativ hochwertige Informationen sicher? Und in welcher Form? Worauf sollte man achten, um Allen gegenüber respektvoll zu sein? Das Toolkit Let’s Talk about Sex! liefert Antworten mit schlüsselfertigen Aktivitäten, die speziell auf die Durchführung von ESA-Einheiten zugeschnitten sind. Der Fortbildungstag wird von Expert.innen für die verschiedenen Themen der affektiven und sexuellen Gesundheit durchgeführt, die die Aktivitäten des Toolkits entwickelt haben. Ziel ist es, in das Thema der professionellen Haltung einzutauchen und rund dreißig Aktivitäten rund um die affektive und sexuelle Gesundheit in der Praxis kennenzulernen.</p>
<p>Anmeldung via Fedas: <a href="https://www.fedas.lu/training/journee-de-formation-pratique-sur-le-toolkit-lets-talk-about-sex-7906">https://www.fedas.lu/training/journee-de-formation-pratique-sur-le-toolkit-lets-talk-about-sex-7906</a></p>
<p>Anmeldung via Ifen: <a href="https://ssl.education.lu/ifen/catalog/course/288015?s=toolkit">https://ssl.education.lu/ifen/catalog/course/288015?s=toolkit</a></p>
