{"id":2518,"date":"2025-09-09T15:26:19","date_gmt":"2025-09-09T13:26:19","guid":{"rendered":"https:\/\/cesas.lu\/?post_type=event&#038;p=2518"},"modified":"2025-09-09T15:27:09","modified_gmt":"2025-09-09T13:27:09","slug":"la-violence-domestique-dans-le-contexte-migratoire-projet-ateliers-des-droits-des-femmes-2","status":"publish","type":"event","link":"https:\/\/cesas.lu\/de\/event\/la-violence-domestique-dans-le-contexte-migratoire-projet-ateliers-des-droits-des-femmes-2\/","title":{"rendered":"La violence domestique dans le contexte migratoire \/ Projet Ateliers des Droits des Femmes"},"content":{"rendered":"<p>Cette session fait partie du deuxi\u00e8me cycle <strong>de formations gratuites<\/strong> autour des violences bas\u00e9es sur le genre et la violence domestique. Ces formations s\u2019inscrivent dans le cadre du projet <strong><em>\u00ab\u00a0Ateliers des Droits des Femmes\u00a0\u00bb,<\/em><\/strong>\u00a0co-financ\u00e9 par la Commission Europ\u00e9enne et le Minist\u00e8re de la Famille, du Vivre-Ensemble, des Solidarit\u00e9s et de l\u2019Accueil.<\/p>\n<p>Ces formations visent \u00e0 outiller les professionnel\u00b7les travaillant avec des demandeur\u00b7se\u00b7s et b\u00e9n\u00e9ficiaires de protection internationale avec les <strong>connaissances juridiques<\/strong>\u00a0n\u00e9cessaires en mati\u00e8re de\u00a0<strong>droit d\u2019asile<\/strong>\u00a0et\u00a0<strong>droit des<\/strong>\u00a0<strong>personnes victimes de violence.<\/strong><\/p>\n<p>Ce programme, compos\u00e9 de cinq modules, aborde des th\u00e9matiques juridiques, sociales et interculturelles, et les sessions sont r\u00e9p\u00e9t\u00e9es tous les six mois.<\/p>\n<p>Il est possible de s\u2019inscrire \u00e0 une ou plusieurs sessions, sans \u00eatre oblig\u00e9 de suivre l\u2019int\u00e9gralit\u00e9 du cycle.\u00a0Ainsi, les personnes ayant suivi une ou plusieurs formations lors du premier cycle ont la possibilit\u00e9 de s\u2019inscrire aux modules auxquels elles n\u2019ont pas pu assister.<\/p>\n<p>Les formations auront toutes lieu dans les <strong>locaux du cabinet Arendt &amp; Medernarch.\u00a0<\/strong><\/p>\n<p>Passerell est agr\u00e9\u00e9e par le Barreau du Luxembourg ainsi que le Minist\u00e8re de l\u2019\u00c9ducation Nationale en tant qu\u2019organisme de formation continue. La participation aux formations permettra l\u2019\u00e9mission d\u2019un certificat de pr\u00e9sence \u00e0 joindre dans les d\u00e9marches de formation continue.<\/p>\n<p><a href=\"https:\/\/cesas.lu\/wp-content\/uploads\/2025\/09\/Flyer-Formations-ADF-cycle-2.pdf\" target=\"_blank\" rel=\"noopener\">Flyer d&rsquo;information<\/a><\/p>\n<p><a href=\"https:\/\/docs.google.com\/forms\/d\/e\/1FAIpQLSd0xtiB6cL_52_5VjKLRuIKY5jsf9IUYl96ph5jUqK-800AcQ\/viewform\">Lien d&rsquo;inscription<\/a><\/p>","protected":false},"featured_media":2516,"template":"","meta":{"_acf_changed":false,"_piecal_is_event":true,"_piecal_start_date":"2025-11-25T13:30","_piecal_end_date":"2025-11-25T17:30","_piecal_is_allday":false},"class_list":["post-2518","event","type-event","status-publish","has-post-thumbnail","hentry"],"acf":[],"_links":{"self":[{"href":"https:\/\/cesas.lu\/de\/wp-json\/wp\/v2\/event\/2518","targetHints":{"allow":["GET"]}}],"collection":[{"href":"https:\/\/cesas.lu\/de\/wp-json\/wp\/v2\/event"}],"about":[{"href":"https:\/\/cesas.lu\/de\/wp-json\/wp\/v2\/types\/event"}],"wp:featuredmedia":[{"embeddable":true,"href":"https:\/\/cesas.lu\/de\/wp-json\/wp\/v2\/media\/2516"}],"wp:attachment":[{"href":"https:\/\/cesas.lu\/de\/wp-json\/wp\/v2\/media?parent=2518"}],"curies":[{"name":"wp","href":"https:\/\/api.w.org\/{rel}","templated":true}]}}

<p>Cette session fait partie du deuxième cycle <strong>de formations gratuites</strong> autour des violences basées sur le genre et la violence domestique. Ces formations s’inscrivent dans le cadre du projet <strong><em>« Ateliers des Droits des Femmes »,</em></strong> co-financé par la Commission Européenne et le Ministère de la Famille, du Vivre-Ensemble, des Solidarités et de l’Accueil.</p>
<p>Ces formations visent à outiller les professionnel·les travaillant avec des demandeur·se·s et bénéficiaires de protection internationale avec les <strong>connaissances juridiques</strong> nécessaires en matière de <strong>droit d’asile</strong> et <strong>droit des</strong> <strong>personnes victimes de violence.</strong></p>
<p>Ce programme, composé de cinq modules, aborde des thématiques juridiques, sociales et interculturelles, et les sessions sont répétées tous les six mois.</p>
<p>Il est possible de s’inscrire à une ou plusieurs sessions, sans être obligé de suivre l’intégralité du cycle. Ainsi, les personnes ayant suivi une ou plusieurs formations lors du premier cycle ont la possibilité de s’inscrire aux modules auxquels elles n’ont pas pu assister.</p>
<p>Les formations auront toutes lieu dans les <strong>locaux du cabinet Arendt &amp; Medernarch. </strong></p>
<p>Passerell est agréée par le Barreau du Luxembourg ainsi que le Ministère de l’Éducation Nationale en tant qu’organisme de formation continue. La participation aux formations permettra l’émission d’un certificat de présence à joindre dans les démarches de formation continue.</p>
<p><a href="https://cesas.lu/wp-content/uploads/2025/09/Flyer-Formations-ADF-cycle-2.pdf" target="_blank" rel="noopener">Flyer d&rsquo;information</a></p>
<p><a href="https://docs.google.com/forms/d/e/1FAIpQLSd0xtiB6cL_52_5VjKLRuIKY5jsf9IUYl96ph5jUqK-800AcQ/viewform">Lien d&rsquo;inscription</a></p>
