{"id":2794,"date":"2026-01-15T12:58:14","date_gmt":"2026-01-15T11:58:14","guid":{"rendered":"https:\/\/cesas.lu\/?post_type=event&#038;p=2794"},"modified":"2026-03-04T09:50:34","modified_gmt":"2026-03-04T08:50:34","slug":"lets-talk-about-sex-puberte-et-anatomie-3","status":"publish","type":"event","link":"https:\/\/cesas.lu\/de\/event\/lets-talk-about-sex-puberte-et-anatomie-3\/","title":{"rendered":"Let\u2019s Talk about Sex \u2013 Pubert\u00e9 et anatomie &#8211; Annul\u00e9"},"content":{"rendered":"<p>La formation est une premi\u00e8re initiation \u00e0 l&rsquo;utilisation d&rsquo;un guide qui est divis\u00e9 en chapitres, chacun visant \u00e0 informer sur une th\u00e9matique li\u00e9e \u00e0 la sant\u00e9 affective et sexuelle. Il s&rsquo;agit d&rsquo;approfondir le chapitre 2 du guide \u00ab\u00a0Let\u2019s Talk about Sex\u00a0\u00bb qui porte sur les changements occasionn\u00e9s par la pubert\u00e9. Il sera question de d\u00e9crire les diff\u00e9rents ph\u00e9nom\u00e8nes biologiques, psychologiques et \u00e9motionnels qui peuvent intervenir lors de l&rsquo;adolescence. Entre autres, l&rsquo;anatomie et la pubert\u00e9 seront revisit\u00e9es avec une approche globale permettant l&rsquo;abord des questions comme le consentement, les premi\u00e8res exp\u00e9riences sexuelles et amoureuses, etc. Cette formation vise en premier lieu \u00e0 permettre \u00e0 un professionnel travaillant avec les jeunes de savoir quoi et comment r\u00e9pondre \u00e0 d&rsquo;\u00e9ventuelles questions sur ces diff\u00e9rents changements.<\/p>\n<p>Anmeldung via Ifen: <a href=\"https:\/\/ssl.education.lu\/ifen\/catalog\/course\/287941?s=ltas\">https:\/\/ssl.education.lu\/ifen\/catalog\/course\/287941?s=ltas<\/a><\/p>\n<p>Inscription pour le non-formel: <a href=\"https:\/\/plattform.public.lu\/fr\/formations-standard\/5000\/5000\/5002.html\">https:\/\/plattform.public.lu\/fr\/formations-standard\/5000\/5000\/5002.html<\/a><\/p>","protected":false},"featured_media":2837,"template":"","meta":{"_acf_changed":false,"_piecal_is_event":true,"_piecal_start_date":"2026-03-17T13:00","_piecal_end_date":"2026-03-17T17:00","_piecal_is_allday":false},"class_list":["post-2794","event","type-event","status-publish","has-post-thumbnail","hentry"],"acf":[],"_links":{"self":[{"href":"https:\/\/cesas.lu\/de\/wp-json\/wp\/v2\/event\/2794","targetHints":{"allow":["GET"]}}],"collection":[{"href":"https:\/\/cesas.lu\/de\/wp-json\/wp\/v2\/event"}],"about":[{"href":"https:\/\/cesas.lu\/de\/wp-json\/wp\/v2\/types\/event"}],"wp:featuredmedia":[{"embeddable":true,"href":"https:\/\/cesas.lu\/de\/wp-json\/wp\/v2\/media\/2837"}],"wp:attachment":[{"href":"https:\/\/cesas.lu\/de\/wp-json\/wp\/v2\/media?parent=2794"}],"curies":[{"name":"wp","href":"https:\/\/api.w.org\/{rel}","templated":true}]}}

Let’s Talk about Sex – Puberté et anatomie &#8211; Annulé

<p>La formation est une première initiation à l&rsquo;utilisation d&rsquo;un guide qui est divisé en chapitres, chacun visant à informer sur une thématique liée à la santé affective et sexuelle. Il s&rsquo;agit d&rsquo;approfondir le chapitre 2 du guide « Let’s Talk about Sex » qui porte sur les changements occasionnés par la puberté. Il sera question de décrire les différents phénomènes biologiques, psychologiques et émotionnels qui peuvent intervenir lors de l&rsquo;adolescence. Entre autres, l&rsquo;anatomie et la puberté seront revisitées avec une approche globale permettant l&rsquo;abord des questions comme le consentement, les premières expériences sexuelles et amoureuses, etc. Cette formation vise en premier lieu à permettre à un professionnel travaillant avec les jeunes de savoir quoi et comment répondre à d&rsquo;éventuelles questions sur ces différents changements.</p>
<p>Anmeldung via Ifen: <a href="https://ssl.education.lu/ifen/catalog/course/287941?s=ltas">https://ssl.education.lu/ifen/catalog/course/287941?s=ltas</a></p>
<p>Inscription pour le non-formel: <a href="https://plattform.public.lu/fr/formations-standard/5000/5000/5002.html">https://plattform.public.lu/fr/formations-standard/5000/5000/5002.html</a></p>
