{"id":2870,"date":"2026-03-16T13:20:51","date_gmt":"2026-03-16T12:20:51","guid":{"rendered":"https:\/\/cesas.lu\/?post_type=ressource&#038;p=2870"},"modified":"2026-03-16T13:26:55","modified_gmt":"2026-03-16T12:26:55","slug":"leqgf-asbl-rapport-de-letude-luxembourg-lgbtiq-panel","status":"publish","type":"ressource","link":"https:\/\/cesas.lu\/de\/ressource\/leqgf-asbl-rapport-de-letude-luxembourg-lgbtiq-panel\/","title":{"rendered":"LEQGF Asbl \u2013 Rapport de l\u2019\u00e9tude : Luxembourg LGBTIQ+ Panel"},"content":{"rendered":"<p>Le 4 mars 2026, le Laboratoire d\u2019\u00c9tudes Queer, sur le Genre et les F\u00e9minismes \u2013 LEQGF Asbl a pr\u00e9sent\u00e9 le rapport final du projet : <a href=\"https:\/\/www.lgbtpanel.lu\/\">Luxembourg LGBTIQ+ Panel<\/a> \u2013 une \u00e9tude qualitative sur la situation, les exp\u00e9riences et les aspirations des personnes LGBTIQ+ au Luxembourg et dans la r\u00e9gion frontali\u00e8re.<\/p>","protected":false},"featured_media":2871,"template":"","class_list":["post-2870","ressource","type-ressource","status-publish","has-post-thumbnail","hentry"],"acf":[],"_links":{"self":[{"href":"https:\/\/cesas.lu\/de\/wp-json\/wp\/v2\/ressource\/2870","targetHints":{"allow":["GET"]}}],"collection":[{"href":"https:\/\/cesas.lu\/de\/wp-json\/wp\/v2\/ressource"}],"about":[{"href":"https:\/\/cesas.lu\/de\/wp-json\/wp\/v2\/types\/ressource"}],"wp:featuredmedia":[{"embeddable":true,"href":"https:\/\/cesas.lu\/de\/wp-json\/wp\/v2\/media\/2871"}],"wp:attachment":[{"href":"https:\/\/cesas.lu\/de\/wp-json\/wp\/v2\/media?parent=2870"}],"curies":[{"name":"wp","href":"https:\/\/api.w.org\/{rel}","templated":true}]}}

LEQGF Asbl – Rapport de l’étude : Luxembourg LGBTIQ+ Panel

<p>Le 4 mars 2026, le Laboratoire d’Études Queer, sur le Genre et les Féminismes – LEQGF Asbl a présenté le rapport final du projet : <a href="https://www.lgbtpanel.lu/">Luxembourg LGBTIQ+ Panel</a> – une étude qualitative sur la situation, les expériences et les aspirations des personnes LGBTIQ+ au Luxembourg et dans la région frontalière.</p>
